
77
Evaluate (-116 - -109) + (-7 - -2) - -17.
5
What is the value of (694 - 624) + 0 + -21?
49
What is -27 + 5 + 32 + -39 + 62?
33
Evaluate -162 + 159 - ((5 - (-2 - 1)) + -6 - -36).
-41
What is the value of 31 + 25 - -14 - (-3 + 13)?
60
Calculate 6 + 14 + -26 + 13 + 2 + -12.
-3
What is (34 - 30) + -15 - -11?
0
Calculate 1912 - 2018 - (-2 - 54).
-50
Calculate -23 + 43 + -15 + 13.
18
What is -35 + (-6 - (-2 + -28)) + (0 - 0 - 95)?
-106
What is 240 + (-266 - (-163 + 56))?
81
-1 + 0 - (0 - (-48 - 24)) - 22
-95
1 - -1 - (-19 - -24) - -3 - -1
1
Calculate (9 - ((-6 - (-2 + 7)) + 35)) + -7.
-22
5 - 2 - (144 + -151 + (0 - 14))
24
Evaluate -8 - ((-10 - (4 - 2)) + 298 + -294 + -38).
38
(227 - 247) + -20 + 2 + (8 - (7 + -3))
-34
What is the value of -2 + 51 + (-1401 - -1357) - (2 + -5)?
8
Evaluate 1 + -7 + 3 + 32 + -35 + 4.
-2
What is 1129 + -1007 - (45 + -9)?
86
Calculate -6 + 1 + -4 + (-2 - (12 - 44)).
21
Calculate -34 - (48 - (-45 + 45)).
-82
Calculate -359 + 378 + -2 + -15 + 13.
15
Calculate -25 - ((41 - (-50 - -15)) + 35).
-136
What is 27 - (49 + -61 - (7 - 21))?
25
What is the value of -60 + (3 - -76) + (-151 - -1) + -2?
-133
Calculate 2 + -1 + 12 - (-143 - -180 - (-5 - 20)).
-49
What is (-38 - (23 - 78)) + -35?
-18
Evaluate 9 + -44 + 29 + 67.
61
Evaluate -1 - -88 - (257 + -293).
123
Calculate (123 + -122 - (0 - -167)) + 4 + 9.
-153
-33 - (-35 - (135 - 97))
40
What is (-12 + -24 - -14) + 23 + (16 - 3)?
14
Evaluate -52 + -6 + (3 - -3 - -6) + (4 - 7).
-49
What is (-42 - (-16 + 4)) + (-104 - -128)?
-6
Calculate 330 - (4 + 341) - (114 + 0).
-129
What is 30 + -1 + -46 - (-16 - 18)?
17
Calculate 17 + 26 + (-11 - 11) + 9.
30
Evaluate -15 - (16 + (35 - 26) + -17).
-23
Evaluate -47 + (1 - (19 - 10)) + 21.
-34
Calculate (-38 - -20 - -18 - -14) + 2 + -1 + 54.
69
What is (3 - 57 - (-9 - (-8 + 0))) + 11?
-42
(0 + 15 + -21 - 1) + -39
-46
What is (2 - -2) + (-49 - -3) + (-38 - (-50 - -4))?
-34
What is (-76 + 13 - (-12 - -3)) + 18?
-36
Calculate 189 + (44 - -28 - 175).
86
(2 - 0 - 5) + (-5 - (-1 + -5) - -42)
40
(-95 - -26) + 51 - ((4 - 0) + 3)
-25
Calculate (136 + (3 - 12) - -1) + -2 + -5 - 10.
111
-1464 - -1465 - (2 + -34 - -3)
30
What is 70 + -15 + (21 - 48)?
28
What is 43 + (79 + -184 - -56)?
-6
What is 6 + -23 + 21 + 145 - 26?
123
Calculate (32 - 42) + (-39 - -81).
32
What is the value of (3 + (-5 - 16) - (-5 - 0)) + 47?
34
What is the value of (-46 - -44) + 46 - 31 - -121?
134
What is the value of (-52 - 7 - -4) + -13 + (2 - 15) + 18?
-63
(-5 - -31) + (3 - 14) - (-7 + -11)
33
What is (-57 - (41 + -4 - 52)) + 6?
-36
What is the value of -7 - 2 - (-405 - -395) - 21?
-20
-28 - (13 + -4 - 57)
20
What is -3 + -20 + 17 + (15 - (28 + -9))?
-10
What is the value of 21 + 100 + -54 + 50?
117
-62 + -28 + 79 + (1 - 4) + (3 - 58)
-69
-24 + -22 - ((11 - (4 - -11)) + (8 - 3))
-47
Evaluate (6 - -12) + -31 - (23 - -3).
-39
Calculate -39 - (-30 - 26) - -13 - -106.
136
(-22 - -8) + -45 + 36
-23
Calculate 0 + 36 - (321 + -330 - (-26 + 0)).
19
What is -22 - (2 + 2) - (-23 + (19 - -8))?
-30
What is -345 + 363 - (-2 - -23) - 27?
-30
Evaluate (-481 - -489) + (-3 + 0 + 0 - -10).
15
What is the value of -18 + (-15 - 15 - -20 - -17) + 31?
20
What is the value of (45 - (-2 + -8)) + -43 - (20 + 1)?
-9
Calculate (26 - -6) + -2 + 13 + -1 + -18.
24
Evaluate (10 - (-17 + 9) - (-61 + -5)) + 7.
91
Calculate -1 + -35 - (75 + -47 + -44 - -25).
-45
-3 + (-6 + 4 - 17) - (-17 - (-17 + -2))
-24
(-16 - (-20 + 1)) + (-3 - -43) + 6
49
What is the value of -61 - (6 - (4 + -7)) - (-12 + 11 - -1)?
-70
What is the value of (7 - (-6 - 19) - (36 + -40)) + -1 + -7?
28
What is the value of (14 - ((19 - 0) + 53 + -63 - 57)) + -14?
48
Calculate 35 + 1 + -20 - (12 - 0).
4
4 - (11 - ((15 - 27) + 7 - -1)) - -11
0
-37 + 41 + -54 + 100
50
What is 2 - ((10 - 3) + -8 + -20 + 39)?
-16
-27 + -66 + 92 - (1 + -24)
22
Calculate -56 + 40 + -4 - -61.
41
What is (37 + -1 - (89 + -75)) + -32?
-10
Calculate -1 + 148 + (-55 - -83 - 45).
130
What is the value of 4 + (-49 + 40 - (-61 - -2))?
54
Calculate (-5 - -16) + -49 - -12.
-26
Evaluate 26 + 111 + -23 + -49.
65
Calculate -3 - ((12 - 8 - 3 - (-1 - -7)) + -19).
21
Calculate -13 + -6 - -12 - ((5 - 11) + 44 + 5).
-50
What is the value of 32 + 4 + (34 - (-34 + 95))?
9
Evaluate (-203 - -84) + -144 + 241.
-22
What is 27 + (-15 - -33) + 7?
52
Calculate 24 + -26 + 12 + (-9 - 14 - 8) + 0.
-21
Evaluate 7473 - 7424 - (47 - 1).
3
Calculate -53 + 0 + (455 + -453 - (9 - 0)).
-60
(-16 - 4) + -5 - -8 - -65
48
What is (-50 + 45 - 16) + -2 + -3?
-26
What is the value of -3 + (-7 - 0) + (52 - 44) - (24 + -25)?
-1
What is the value of 5 + (-4 - 5) - (-1 - 27 - -37) - -25?
12
What is the value of 43 - (323 + -335 - (-19 + 1))?
37
Evaluate 15 + 21 - (1 - (0 - -3)) - (-61 - -54).
45
What is 1481 + -1490 - (-6 - -84 - (-1 + -2))?
-90
Evaluate (-77 - (-3 + 0) - -4) + (449 - 456).
-77
-22 - 43 - (-19 + 5)
-51
What is 13 - 5 - (-9 - (-12 + 17 + -4) - -10)?
8
Evaluate -7 + (14 - (3 + 10)) + -6 + -32.
-44
Calculate -66 - (-1 + 1) - (78 - (12 + 6 + 66)).
-60
(-2 - (32 + -37)) + -44
-41
What is the value of -12 - (0 + 4 + 17) - 7?
-40
What is 8 + (7 - (26 - 11 - (5 + -2 + -3)))?
0
Evaluate 12 + -5 + 5 + (-16 - (0 - 16) - 62).
-50
What is the value of (-38 - (-10 + 18)) + (2 - 4 - (-3 + 5))?
-50
(0 + (-12 - -3 - -5 - -9) - -7) + -51
-39
What is the value of 43 + 63 + 62 + -208?
-40
(26 - 4) + (-5 - (-10 + 3 + 6 + -4))
22
42 - (98 - 3) - -11
-42
(-6 + 150 + -4 + -5 - (138 + -125)) + -13
109
What is -4 + 10 - ((12 - (-7 - -18)) + -19)?
24
What is -14 + 7 - (-1 - 7) - (-28 - -7)?
22
(-265 - -106 - -327) + -61
107
Calculate -31 + 17 + (8 + 2 - 26 - 25).
-55
What is the value of (-18 - (6 + -24 - -2)) + -3 + -4?
-9
What is the value of 14 - (-4 + -5 + 8 + -10 + 3)?
22
What is the value of 91 - (-5 + (10 - -10) - (16 - 4))?
88
Evaluate -36 + 11 + 33 + 9 + 0 + 2 + -2.
17
-12 + (-11 - (-5 + -6)) + (38 - 11)
15
Calculate (32 - 0) + (98 + -72 - 48).
10
Calculate -12 + -45 + (-33 - -39).
-51
What is the value of (36 - 36) + (-5 - -9) + 9 - -34?
47
Calculate 41 - ((36 - 75) + 93).
-13
Evaluate -44 + (48 - 24 - 27) + 20.
-27
Calculate 19435 + -19551 + (23 - 0).
-93
1 + 17 + (-39 - -27 - -16)
22
-54 + (3 - ((2 - -1) + -1)) + -270 + 276
-47
Evaluate 1 - (26 + 2 + -1 - (-190 - -190)).
-26
What is the value of (-3 - 0 - -2 - (513 + -513)) + 10?
9
What is (-13 - 1) + (-8 - (-46 - -38)) + 35?
21
Calculate -4 + ((-2 - 13) + (-30 - -39) - 4) - 6.
-20
What is the value of 20 + -42 + -42 + 38?
-26
Calculate 201 + -189 + 1 + 13 - -59.
85
39 - (-13 + 40 + -7)
19
(25 + -16 - -7 - 11) + -4 + -24
-23
Evaluate 24 + (-280 - -87 - -100).
-69
Calculate 1 + -40 - (-34 + -35 + 83).
-53
Evaluate (-13 - -1) + (-1 - -13) + (-102 - -54).
-48
Calculate -3 - -3 - -9 - (-15 + (-7 - -14)).
17
-21 - -11 - 11 - ((-18 - -18) + (11 - 1))
-31
Evaluate (-109 - -15) + (21 - (6 - 17)).
-62
What is -13 + (0 - 1) + (1 - (-5 - (2 + -1)))?
-7
What is the value of (13 - -24) + (0 - 2) + -1047 + 1063?
51
What is 74 + (66 - 30) - 52?
58
What is the value of 10 - ((-75 - -32 - -33) + -1 + -19)?
40
Calculate 1548 - 1589 - (22 - 1).
-62
What is -16 + 30 + -10 + (7 - -4) + -80?
-65
Evaluate -18 + (-22 - (15 + -17)) + 3.
-35
What is -154 + 61 + (54 - 2)?
-41
(43 - 42) + (4 + -1 + -1 - 27 - 6)
-30
What is the value of (-134 + 15 - (-9 + -3) - -3) + 14?
-90
What is the value of 3 + (7 - 21) + (152 - 173)?
-32
What is the value of 475 + -466 + 2 + -8 + 2 + 0?
5
What is -251 + 286 + (32 + 2 - -11)?
80
Evaluate (-29 - (17 - 20)) + 51.
25
Evaluate (7 - ((-32 - -55) + 1 + -12)) + 35.
30
What is the value of (3729 - 3651) + -1 + -53?
24
What is -130 - ((86 - -18) + -160)?
-74
What is the value of 61 - 51 - 43 - -9?
-24
What is -10 + (-5 - 4 - 3 - -41) + 17 + -13?
23
(-6 + -10 - -9) + 4 + (19 - -6)
22
What is 0 + 73 + -1058 + 1020 - 179?
-144
What is the value of (6 - (10 - (9 - -15))) + 5 + 2?
27
What is the value of 7 - 15 - -36 - (-20 + 95)?
-47
What is the value of -10 + -3 - (60 + 14 + -17) - (11 - 18)?
-63
Calculate ((18 - 20) + 16 - -14) + 30.
58
Evaluate 11 + (-31 - ((-44 - -26) + 7)).
-9
Evaluate 72 - (-30 + (24 + -29 - -3)).
104
What is -1 + (14 - -23) - 18?
18
-3 - (0 + (-4 - 2)) - 3 - -1 - -13
14
0 + -16 + 12 + -22 + -14 + 9
-31
(-3 + (9 - 1) - -7) + 8 + 75
95
((-